{"id":3533,"date":"2025-03-18T13:57:27","date_gmt":"2025-03-18T12:57:27","guid":{"rendered":"https:\/\/conflansmontjoie.org\/?page_id=3533"},"modified":"2025-03-18T14:05:18","modified_gmt":"2025-03-18T13:05:18","slug":"en-faveur-des-municipalites","status":"publish","type":"page","link":"https:\/\/conflansmontjoie.org\/?page_id=3533","title":{"rendered":"En faveur des municipalit\u00e9s"},"content":{"rendered":"\t\t<div data-elementor-type=\"wp-page\" data-elementor-id=\"3533\" class=\"elementor elementor-3533\">\n\t\t\t\t<div class=\"elementor-element elementor-element-f6ebdef e-flex e-con-boxed e-con e-parent\" data-id=\"f6ebdef\" data-element_type=\"container\" data-e-type=\"container\">\n\t\t\t\t\t<div class=\"e-con-inner\">\n\t\t\t\t<div class=\"elementor-element elementor-element-e46a32c elementor-widget elementor-widget-text-editor\" data-id=\"e46a32c\" data-element_type=\"widget\" data-e-type=\"widget\" data-widget_type=\"text-editor.default\">\n\t\t\t\t<div class=\"elementor-widget-container\">\n\t\t\t\t\t\t\t\t\t<ul><li>Le club \u00e0 fourni plusieurs d\u00e9fibrillateurs dont un en 2019 \u00e0 la mairie d&rsquo;Andr\u00e9sy afin d&rsquo;\u00e9quiper le bateau pour se rendre sur l&rsquo;ile Nancy.<br \/><br \/><ul><li>L&rsquo;acc\u00e8s se fait par le ponton de l&#8217;embarcad\u00e8re Julien Green, 4 boulevard No\u00ebl Marc, face \u00e0 l&rsquo;espace Julien Green.\u00a0<\/li><li>La travers\u00e9e est gratuite<\/li><\/ul><\/li><\/ul><p>Le club a fourni plusieurs panneaux de signalisation aux municipalit\u00e9s :<\/p>\t\t\t\t\t\t\t\t<\/div>\n\t\t\t\t<\/div>\n\t\t\t\t\t<\/div>\n\t\t\t\t<\/div>\n\t\t<div class=\"elementor-element elementor-element-b21a765 e-flex e-con-boxed e-con e-parent\" data-id=\"b21a765\" data-element_type=\"container\" data-e-type=\"container\">\n\t\t\t\t\t<div class=\"e-con-inner\">\n\t\t\t\t<div class=\"elementor-element elementor-element-57bb980 elementor-widget elementor-widget-image\" data-id=\"57bb980\" data-element_type=\"widget\" data-e-type=\"widget\" data-widget_type=\"image.default\">\n\t\t\t\t<div class=\"elementor-widget-container\">\n\t\t\t\t\t\t\t\t\t\t\t\t\t\t\t<img fetchpriority=\"high\" decoding=\"async\" width=\"960\" height=\"585\" src=\"https:\/\/conflansmontjoie.org\/wp-content\/uploads\/2025\/03\/panneaux-handicap-Lions-Club-Saint-Avertin-3-1024x624.jpg\" class=\"attachment-large size-large wp-image-3535\" alt=\"\" srcset=\"https:\/\/conflansmontjoie.org\/wp-content\/uploads\/2025\/03\/panneaux-handicap-Lions-Club-Saint-Avertin-3-1024x624.jpg 1024w, https:\/\/conflansmontjoie.org\/wp-content\/uploads\/2025\/03\/panneaux-handicap-Lions-Club-Saint-Avertin-3-300x183.jpg 300w, https:\/\/conflansmontjoie.org\/wp-content\/uploads\/2025\/03\/panneaux-handicap-Lions-Club-Saint-Avertin-3-768x468.jpg 768w, https:\/\/conflansmontjoie.org\/wp-content\/uploads\/2025\/03\/panneaux-handicap-Lions-Club-Saint-Avertin-3-1140x695.jpg 1140w, https:\/\/conflansmontjoie.org\/wp-content\/uploads\/2025\/03\/panneaux-handicap-Lions-Club-Saint-Avertin-3.jpg 1149w\" sizes=\"(max-width: 960px) 100vw, 960px\" \/>\t\t\t\t\t\t\t\t\t\t\t\t\t\t\t<\/div>\n\t\t\t\t<\/div>\n\t\t\t\t\t<\/div>\n\t\t\t\t<\/div>\n\t\t\t\t<\/div>\n\t\t","protected":false},"excerpt":{"rendered":"<p>Le club \u00e0 fourni plusieurs d\u00e9fibrillateurs dont un en 2019 \u00e0 la mairie d&rsquo;Andr\u00e9sy afin d&rsquo;\u00e9quiper le bateau pour se rendre sur l&rsquo;ile Nancy. L&rsquo;acc\u00e8s se fait par le ponton de l&#8217;embarcad\u00e8re Julien Green, 4 boulevard No\u00ebl Marc, face \u00e0 l&rsquo;espace Julien Green.\u00a0 La travers\u00e9e est gratuite Le club a fourni plusieurs panneaux de signalisation aux municipalit\u00e9s :<\/p>\n","protected":false},"author":1,"featured_media":0,"parent":0,"menu_order":0,"comment_status":"closed","ping_status":"closed","template":"","meta":{"footnotes":""},"class_list":["post-3533","page","type-page","status-publish","hentry"],"_links":{"self":[{"href":"https:\/\/conflansmontjoie.org\/index.php?rest_route=\/wp\/v2\/pages\/3533","targetHints":{"allow":["GET"]}}],"collection":[{"href":"https:\/\/conflansmontjoie.org\/index.php?rest_route=\/wp\/v2\/pages"}],"about":[{"href":"https:\/\/conflansmontjoie.org\/index.php?rest_route=\/wp\/v2\/types\/page"}],"author":[{"embeddable":true,"href":"https:\/\/conflansmontjoie.org\/index.php?rest_route=\/wp\/v2\/users\/1"}],"replies":[{"embeddable":true,"href":"https:\/\/conflansmontjoie.org\/index.php?rest_route=%2Fwp%2Fv2%2Fcomments&post=3533"}],"version-history":[{"count":7,"href":"https:\/\/conflansmontjoie.org\/index.php?rest_route=\/wp\/v2\/pages\/3533\/revisions"}],"predecessor-version":[{"id":3542,"href":"https:\/\/conflansmontjoie.org\/index.php?rest_route=\/wp\/v2\/pages\/3533\/revisions\/3542"}],"wp:attachment":[{"href":"https:\/\/conflansmontjoie.org\/index.php?rest_route=%2Fwp%2Fv2%2Fmedia&parent=3533"}],"curies":[{"name":"wp","href":"https:\/\/api.w.org\/{rel}","templated":true}]}}