{"id":2987,"date":"2025-03-11T15:02:27","date_gmt":"2025-03-11T14:02:27","guid":{"rendered":"https:\/\/conflansmontjoie.org\/?page_id=2987"},"modified":"2025-04-08T23:09:34","modified_gmt":"2025-04-08T21:09:34","slug":"consultations-pediatrique-du-chi-poissy-sgl","status":"publish","type":"page","link":"https:\/\/conflansmontjoie.org\/?page_id=2987","title":{"rendered":"En faveur des H\u00f4pitaux locaux"},"content":{"rendered":"\t\t<div data-elementor-type=\"wp-page\" data-elementor-id=\"2987\" class=\"elementor elementor-2987\">\n\t\t\t\t<div class=\"elementor-element elementor-element-79fa2ec e-flex e-con-boxed e-con e-parent\" data-id=\"79fa2ec\" data-element_type=\"container\" data-e-type=\"container\">\n\t\t\t\t\t<div class=\"e-con-inner\">\n\t\t\t\t<div class=\"elementor-element elementor-element-8d12720 elementor-widget elementor-widget-image\" data-id=\"8d12720\" data-element_type=\"widget\" data-e-type=\"widget\" data-widget_type=\"image.default\">\n\t\t\t\t<div class=\"elementor-widget-container\">\n\t\t\t\t\t\t\t\t\t\t\t\t\t\t\t<img decoding=\"async\" width=\"150\" height=\"150\" src=\"https:\/\/conflansmontjoie.org\/wp-content\/uploads\/2025\/03\/LCI_CauseArea_Icons_01a-childhoodcancer_1c-150x150.png\" class=\"attachment-thumbnail size-thumbnail wp-image-1760\" alt=\"\" srcset=\"https:\/\/conflansmontjoie.org\/wp-content\/uploads\/2025\/03\/LCI_CauseArea_Icons_01a-childhoodcancer_1c-150x150.png 150w, https:\/\/conflansmontjoie.org\/wp-content\/uploads\/2025\/03\/LCI_CauseArea_Icons_01a-childhoodcancer_1c-300x300.png 300w, https:\/\/conflansmontjoie.org\/wp-content\/uploads\/2025\/03\/LCI_CauseArea_Icons_01a-childhoodcancer_1c-1024x1024.png 1024w, https:\/\/conflansmontjoie.org\/wp-content\/uploads\/2025\/03\/LCI_CauseArea_Icons_01a-childhoodcancer_1c-768x768.png 768w, https:\/\/conflansmontjoie.org\/wp-content\/uploads\/2025\/03\/LCI_CauseArea_Icons_01a-childhoodcancer_1c-1536x1536.png 1536w, https:\/\/conflansmontjoie.org\/wp-content\/uploads\/2025\/03\/LCI_CauseArea_Icons_01a-childhoodcancer_1c-2048x2048.png 2048w, https:\/\/conflansmontjoie.org\/wp-content\/uploads\/2025\/03\/LCI_CauseArea_Icons_01a-childhoodcancer_1c-1140x1140.png 1140w, https:\/\/conflansmontjoie.org\/wp-content\/uploads\/2025\/03\/LCI_CauseArea_Icons_01a-childhoodcancer_1c-75x75.png 75w\" sizes=\"(max-width: 150px) 100vw, 150px\" \/>\t\t\t\t\t\t\t\t\t\t\t\t\t\t\t<\/div>\n\t\t\t\t<\/div>\n\t\t\t\t<div class=\"elementor-element elementor-element-b606c86 elementor-widget elementor-widget-text-editor\" data-id=\"b606c86\" data-element_type=\"widget\" data-e-type=\"widget\" data-widget_type=\"text-editor.default\">\n\t\t\t\t<div class=\"elementor-widget-container\">\n\t\t\t\t\t\t\t\t\t<p style=\"text-align: center;\"><strong><span style=\"color: #000000;\">Financement de projets en faveur des h\u00f4pitaux<\/span><\/strong><\/p><div dir=\"auto\"><strong>En 2025<\/strong>, Les Lions clubs du District \u00cele-de-France Ouest dont celui du Lions club Conflans Montjoie se sont mobilis\u00e9s pour le bien-\u00eatre des enfants ! <span class=\"x193iq5w xeuugli x13faqbe x1vvkbs x1xmvt09 x1lliihq x1s928wv xhkezso x1gmr53x x1cpjm7i x1fgarty x1943h6x xudqn12 x3x7a5m x6prxxf xvq8zen xo1l8bm xzsf02u x1yc453h\" dir=\"auto\">Ce projet a \u00e9t\u00e9 r\u00e9alis\u00e9 par l&rsquo;impulsion de Patrice Rodrigue du Lions club Poissy-Pincerais et de Didier Sigler.<\/span><\/div><div dir=\"auto\">\u00a0<\/div><div dir=\"auto\"><img fetchpriority=\"high\" decoding=\"async\" class=\"aligncenter wp-image-3764 size-large\" src=\"http:\/\/conflansmontjoie.org\/wp-content\/uploads\/2025\/04\/489235739_10222320351156453_1580302153201913319_n-1024x706.jpg\" alt=\"\" width=\"960\" height=\"662\" srcset=\"https:\/\/conflansmontjoie.org\/wp-content\/uploads\/2025\/04\/489235739_10222320351156453_1580302153201913319_n-1024x706.jpg 1024w, https:\/\/conflansmontjoie.org\/wp-content\/uploads\/2025\/04\/489235739_10222320351156453_1580302153201913319_n-300x207.jpg 300w, https:\/\/conflansmontjoie.org\/wp-content\/uploads\/2025\/04\/489235739_10222320351156453_1580302153201913319_n-768x529.jpg 768w, https:\/\/conflansmontjoie.org\/wp-content\/uploads\/2025\/04\/489235739_10222320351156453_1580302153201913319_n-1536x1058.jpg 1536w, https:\/\/conflansmontjoie.org\/wp-content\/uploads\/2025\/04\/489235739_10222320351156453_1580302153201913319_n-1140x785.jpg 1140w, https:\/\/conflansmontjoie.org\/wp-content\/uploads\/2025\/04\/489235739_10222320351156453_1580302153201913319_n.jpg 2048w\" sizes=\"(max-width: 960px) 100vw, 960px\" \/><\/div><h6 dir=\"auto\" style=\"text-align: center;\"><em>Signature de la commande aupr\u00e8s de Siemens, en pr\u00e9sence de nombreux acteurs engag\u00e9s dans ce magnifique projet, dont Diane Petter, Directrice g\u00e9n\u00e9rale H\u00f4pital de Poissy-Saint-Germain, Patrice Rodrigue, club Poissy-Pincerais, Fanny Hageli, <br \/><\/em><em>Fonds de dotation L\u2019esprit Colibri.<\/em><\/h6><div dir=\"auto\">Gr\u00e2ce \u00e0 leur engagement et au soutien de la Fondation des Lions de France, un dispositif innovant a \u00e9t\u00e9 financ\u00e9 pour l\u2019h\u00f4pital de Poissy Saint-Germain-en-Laye, permettant d\u2019am\u00e9liorer les examens IRM en p\u00e9diatrie et radiologie.\u00a0Cet appareil de nouvelle g\u00e9n\u00e9ration aide \u00e0 r\u00e9duire l\u2019anxi\u00e9t\u00e9 des enfants et optimise le diagnostic m\u00e9dical.<\/div><p><span style=\"color: #000000;\"><strong>En 2023<\/strong>, le club a particip\u00e9 au financement d&rsquo;un jardin adoucissant les douleurs des patients dans l\u2019enceinte ext\u00e9rieure de l\u2019h\u00f4pital du CHI Poissy-Saint-Germain-en-Laye. Ce projet, visant \u00e0 am\u00e9liorer le bien-\u00eatre des patients, a \u00e9t\u00e9 prim\u00e9 en juin 2023 au congr\u00e8s de la SFAP et financ\u00e9 par <strong>L\u2019esprit Colibri<\/strong> \u00e0 hauteur de 27 500 euros gr\u00e2ce au soutien des partenaires dont le Lions Club Conflans Montjoie. <\/span><span style=\"color: #000000;\">Un jardin de soins cr\u00e9\u00e9 par le service douleur et m\u00e9decine palliative. Ce jardin utilise \u00ab\u00a0l\u2019hortith\u00e9rapie\u00a0\u00bb, une technique non m\u00e9dicamenteuse, pour aider \u00e0 g\u00e9rer la douleur des patients gr\u00e2ce \u00e0 des activit\u00e9s de jardinage supervis\u00e9es par des<\/span><span style=\"color: #000000;\"> professionnels form\u00e9s.<\/span><\/p><p><img decoding=\"async\" class=\"aligncenter wp-image-3361 size-medium\" src=\"http:\/\/conflansmontjoie.org\/wp-content\/uploads\/2025\/03\/20240704_175534-300x135.jpg\" alt=\"\" width=\"300\" height=\"135\" srcset=\"https:\/\/conflansmontjoie.org\/wp-content\/uploads\/2025\/03\/20240704_175534-300x135.jpg 300w, https:\/\/conflansmontjoie.org\/wp-content\/uploads\/2025\/03\/20240704_175534-1024x461.jpg 1024w, https:\/\/conflansmontjoie.org\/wp-content\/uploads\/2025\/03\/20240704_175534-768x346.jpg 768w, https:\/\/conflansmontjoie.org\/wp-content\/uploads\/2025\/03\/20240704_175534-1536x692.jpg 1536w, https:\/\/conflansmontjoie.org\/wp-content\/uploads\/2025\/03\/20240704_175534-2048x922.jpg 2048w, https:\/\/conflansmontjoie.org\/wp-content\/uploads\/2025\/03\/20240704_175534-1140x513.jpg 1140w\" sizes=\"(max-width: 300px) 100vw, 300px\" \/><\/p><p><span style=\"color: #000000;\"><strong>En 2022<\/strong>, le club a financ\u00e9 l&rsquo;am\u00e9nagement des consultations p\u00e9diatriques du CHI Poissy-Saint-Germain-en -Laye.<\/span><\/p><p><img loading=\"lazy\" decoding=\"async\" class=\"size-medium wp-image-3046 aligncenter\" src=\"http:\/\/conflansmontjoie.org\/wp-content\/uploads\/2025\/03\/Site-7-300x200.jpg\" alt=\"\" width=\"300\" height=\"200\" srcset=\"https:\/\/conflansmontjoie.org\/wp-content\/uploads\/2025\/03\/Site-7-300x200.jpg 300w, https:\/\/conflansmontjoie.org\/wp-content\/uploads\/2025\/03\/Site-7-1024x683.jpg 1024w, https:\/\/conflansmontjoie.org\/wp-content\/uploads\/2025\/03\/Site-7-768x512.jpg 768w, https:\/\/conflansmontjoie.org\/wp-content\/uploads\/2025\/03\/Site-7-1536x1024.jpg 1536w, https:\/\/conflansmontjoie.org\/wp-content\/uploads\/2025\/03\/Site-7-1140x760.jpg 1140w, https:\/\/conflansmontjoie.org\/wp-content\/uploads\/2025\/03\/Site-7.jpg 1707w\" sizes=\"(max-width: 300px) 100vw, 300px\" \/><\/p><p><span style=\"color: #000000;\"><strong>En<\/strong> <b>2017<\/b>, le club apporte sa contribution financi\u00e8re \u00e0 la clinique de Ermont (95) pour mettre en place un \u00e9quipement afin de prodiguer des s\u00e9ances Snoezelen au sein m\u00eame des unit\u00e9s, notamment en chambre \u00e0 l&rsquo;aide de chariots ambulants : le patient conserve ainsi tout le b\u00e9n\u00e9fice de la s\u00e9ance. L\u2019approche Snoezelen s\u2019est d\u00e9velopp\u00e9e en France dans les \u00e9tablissements qui accueillent un public fragilis\u00e9 (cancer, handicap, autisme) mais \u00e9galement chez les personnes d\u00e9sorient\u00e9es et\/ou atteintes de la maladie d\u2019Alzheimer. Elle favorise la proposition d\u2019exp\u00e9riences sensorielles et permet d\u2019apporter d\u00e9tente et bien-\u00eatre.<\/span><\/p><p><span style=\"color: #000000;\"><strong>En 2018<\/strong>, Nous avons \u00e9galement financ\u00e9 l&rsquo;am\u00e9nagement d&rsquo;un salon des familles pour l&rsquo;h\u00f4pital de Meulan-Les-Mureaux.<\/span><\/p><p><span style=\"color: #000000;\"><strong>En 2011<\/strong>, le club a financ\u00e9 l&rsquo;am\u00e9nagement et la d\u00e9coration des chambres \u00e0 l&rsquo;h\u00f4pital de jour p\u00e9diatrique du CHI Poissy-Saint-Germain-en -Laye.<\/span><\/p><p><span style=\"color: #000000;\"><img loading=\"lazy\" decoding=\"async\" class=\"size-medium wp-image-3048 aligncenter\" src=\"http:\/\/conflansmontjoie.org\/wp-content\/uploads\/2025\/03\/DSC_0832-1-300x200.jpg\" alt=\"\" width=\"300\" height=\"200\" srcset=\"https:\/\/conflansmontjoie.org\/wp-content\/uploads\/2025\/03\/DSC_0832-1-300x200.jpg 300w, https:\/\/conflansmontjoie.org\/wp-content\/uploads\/2025\/03\/DSC_0832-1-1024x683.jpg 1024w, https:\/\/conflansmontjoie.org\/wp-content\/uploads\/2025\/03\/DSC_0832-1-768x512.jpg 768w, https:\/\/conflansmontjoie.org\/wp-content\/uploads\/2025\/03\/DSC_0832-1-1536x1024.jpg 1536w, https:\/\/conflansmontjoie.org\/wp-content\/uploads\/2025\/03\/DSC_0832-1-1140x760.jpg 1140w, https:\/\/conflansmontjoie.org\/wp-content\/uploads\/2025\/03\/DSC_0832-1.jpg 1800w\" sizes=\"(max-width: 300px) 100vw, 300px\" \/><\/span><\/p>\t\t\t\t\t\t\t\t<\/div>\n\t\t\t\t<\/div>\n\t\t\t\t\t<\/div>\n\t\t\t\t<\/div>\n\t\t<div class=\"elementor-element elementor-element-4a3ee9f e-flex e-con-boxed e-con e-parent\" data-id=\"4a3ee9f\" data-element_type=\"container\" data-e-type=\"container\">\n\t\t\t\t\t<div class=\"e-con-inner\">\n\t\t\t\t\t<\/div>\n\t\t\t\t<\/div>\n\t\t\t\t<\/div>\n\t\t","protected":false},"excerpt":{"rendered":"<p>Financement de projets en faveur des h\u00f4pitaux En 2025, Les Lions clubs du District \u00cele-de-France Ouest dont celui du Lions club Conflans Montjoie se sont mobilis\u00e9s pour le bien-\u00eatre des enfants ! Ce projet a \u00e9t\u00e9 r\u00e9alis\u00e9 par l&rsquo;impulsion de Patrice Rodrigue du Lions club Poissy-Pincerais et de Didier Sigler.\u00a0 Signature de la commande aupr\u00e8s de Siemens, en pr\u00e9sence de nombreux acteurs engag\u00e9s dans ce magnifique projet, dont Diane Petter, Directrice g\u00e9n\u00e9rale H\u00f4pital de Poissy-Saint-Germain, Patrice Rodrigue, club Poissy-Pincerais, Fanny Hageli, Fonds de dotation L\u2019esprit Colibri. Gr\u00e2ce \u00e0 leur engagement et au soutien de la Fondation des Lions de France, un dispositif innovant a \u00e9t\u00e9 financ\u00e9 pour l\u2019h\u00f4pital de Poissy Saint-Germain-en-Laye, permettant d\u2019am\u00e9liorer les examens IRM en p\u00e9diatrie et radiologie.\u00a0Cet appareil de nouvelle g\u00e9n\u00e9ration aide \u00e0 r\u00e9duire l\u2019anxi\u00e9t\u00e9 des enfants et optimise le diagnostic m\u00e9dical. En 2023, le club a particip\u00e9 au financement d&rsquo;un jardin adoucissant les douleurs des patients dans l\u2019enceinte ext\u00e9rieure de l\u2019h\u00f4pital du CHI Poissy-Saint-Germain-en-Laye. Ce projet, visant \u00e0 am\u00e9liorer le bien-\u00eatre des patients, a \u00e9t\u00e9 prim\u00e9 en juin 2023 au congr\u00e8s de la SFAP et financ\u00e9 par L\u2019esprit Colibri \u00e0 hauteur de 27 500 euros gr\u00e2ce au soutien des partenaires dont le Lions Club Conflans Montjoie. Un jardin de soins cr\u00e9\u00e9 par le service douleur et m\u00e9decine palliative. Ce jardin utilise \u00ab\u00a0l\u2019hortith\u00e9rapie\u00a0\u00bb, une technique non m\u00e9dicamenteuse, pour aider \u00e0 g\u00e9rer la douleur des patients gr\u00e2ce \u00e0 des activit\u00e9s de jardinage supervis\u00e9es par des professionnels form\u00e9s. En 2022, le club a financ\u00e9 l&rsquo;am\u00e9nagement des consultations p\u00e9diatriques du CHI Poissy-Saint-Germain-en -Laye. En 2017, le club apporte sa contribution financi\u00e8re \u00e0 la clinique de Ermont (95) pour mettre en place un \u00e9quipement afin de prodiguer des s\u00e9ances Snoezelen au sein m\u00eame des unit\u00e9s, notamment en chambre \u00e0 l&rsquo;aide de chariots ambulants : le patient conserve ainsi tout le b\u00e9n\u00e9fice de la s\u00e9ance. L\u2019approche Snoezelen s\u2019est d\u00e9velopp\u00e9e en France dans les \u00e9tablissements qui accueillent un public fragilis\u00e9 (cancer, handicap, autisme) mais \u00e9galement chez les personnes d\u00e9sorient\u00e9es et\/ou atteintes de la maladie d\u2019Alzheimer. Elle favorise la proposition d\u2019exp\u00e9riences sensorielles et permet d\u2019apporter d\u00e9tente et bien-\u00eatre. En 2018, Nous avons \u00e9galement financ\u00e9 l&rsquo;am\u00e9nagement d&rsquo;un salon des familles pour l&rsquo;h\u00f4pital de Meulan-Les-Mureaux. En 2011, le club a financ\u00e9 l&rsquo;am\u00e9nagement et la d\u00e9coration des chambres \u00e0 l&rsquo;h\u00f4pital de jour p\u00e9diatrique du CHI Poissy-Saint-Germain-en -Laye.<\/p>\n","protected":false},"author":1,"featured_media":0,"parent":0,"menu_order":0,"comment_status":"closed","ping_status":"closed","template":"","meta":{"footnotes":""},"class_list":["post-2987","page","type-page","status-publish","hentry"],"_links":{"self":[{"href":"https:\/\/conflansmontjoie.org\/index.php?rest_route=\/wp\/v2\/pages\/2987","targetHints":{"allow":["GET"]}}],"collection":[{"href":"https:\/\/conflansmontjoie.org\/index.php?rest_route=\/wp\/v2\/pages"}],"about":[{"href":"https:\/\/conflansmontjoie.org\/index.php?rest_route=\/wp\/v2\/types\/page"}],"author":[{"embeddable":true,"href":"https:\/\/conflansmontjoie.org\/index.php?rest_route=\/wp\/v2\/users\/1"}],"replies":[{"embeddable":true,"href":"https:\/\/conflansmontjoie.org\/index.php?rest_route=%2Fwp%2Fv2%2Fcomments&post=2987"}],"version-history":[{"count":123,"href":"https:\/\/conflansmontjoie.org\/index.php?rest_route=\/wp\/v2\/pages\/2987\/revisions"}],"predecessor-version":[{"id":3781,"href":"https:\/\/conflansmontjoie.org\/index.php?rest_route=\/wp\/v2\/pages\/2987\/revisions\/3781"}],"wp:attachment":[{"href":"https:\/\/conflansmontjoie.org\/index.php?rest_route=%2Fwp%2Fv2%2Fmedia&parent=2987"}],"curies":[{"name":"wp","href":"https:\/\/api.w.org\/{rel}","templated":true}]}}