{"id":2,"date":"2024-07-29T12:17:47","date_gmt":"2024-07-29T10:17:47","guid":{"rendered":"http:\/\/conflansmontjoie.org\/?page_id=2"},"modified":"2025-03-14T20:21:06","modified_gmt":"2025-03-14T19:21:06","slug":"reveillon_solidaire","status":"publish","type":"page","link":"https:\/\/conflansmontjoie.org\/?page_id=2","title":{"rendered":"Actions pass\u00e9es"},"content":{"rendered":"\t\t<div data-elementor-type=\"wp-page\" data-elementor-id=\"2\" class=\"elementor elementor-2\">\n\t\t\t\t<div class=\"elementor-element elementor-element-520f274 e-flex e-con-boxed e-con e-parent\" data-id=\"520f274\" data-element_type=\"container\" data-e-type=\"container\">\n\t\t\t\t\t<div class=\"e-con-inner\">\n\t\t\t\t<div class=\"elementor-element elementor-element-b4b2f95 elementor-widget elementor-widget-text-editor\" data-id=\"b4b2f95\" data-element_type=\"widget\" data-e-type=\"widget\" data-widget_type=\"text-editor.default\">\n\t\t\t\t<div class=\"elementor-widget-container\">\n\t\t\t\t\t\t\t\t\t<h5 align=\"center\"><strong><span style=\"color: #000000;\">LE REVEILLON SOLIDAIRE<img fetchpriority=\"high\" decoding=\"async\" class=\"alignnone size-medium wp-image-947\" src=\"http:\/\/conflansmontjoie.org\/wp-content\/uploads\/2025\/01\/05_CN-300x225.webp\" alt=\"\" width=\"300\" height=\"225\" srcset=\"https:\/\/conflansmontjoie.org\/wp-content\/uploads\/2025\/01\/05_CN-300x225.webp 300w, https:\/\/conflansmontjoie.org\/wp-content\/uploads\/2025\/01\/05_CN-768x576.webp 768w, https:\/\/conflansmontjoie.org\/wp-content\/uploads\/2025\/01\/05_CN.webp 960w\" sizes=\"(max-width: 300px) 100vw, 300px\" \/><\/span><\/strong><\/h5><div align=\"justify\"><div style=\"float: left; margin-right: 15px;\"><p><span style=\"color: #000000;\">Depuis le 31 d\u00e9cembre 2015, notre club<b> <\/b>organisait un r\u00e9veillon solidaire au profit des personnes \u00e2g\u00e9es ou isol\u00e9es habitant Andr\u00e9sy, Chanteloup-les-Vignes, Conflans-Sainte-Honorine, Triel-sur-Seine dans la salle Julien Green mis \u00e0 disposition par la municipalit\u00e9 d&rsquo;Andr\u00e9sy. Une trentaine de b\u00e9n\u00e9voles, membres de notre club, conjoints, amis de notre club ou membres d&rsquo;autres clubs Lions International consacraient leur temps durant cette soir\u00e9e \u00e0 servir un repas festif, animer la soir\u00e9e et v\u00e9hiculer quelques 120 convives. D\u00e8s le matin du 31 d\u00e9cembre, nous mettions tout en oeuvre pour un r\u00e9veillon r\u00e9ussi: la mise en place et dressage des tables, la d\u00e9coration de la salle et notre chef <b>Jean-Claude Buslon<\/b>, restaurateur \u00e0 la retraite, qui s\u2019affairait dans les cuisines \u00e9galement mises \u00e0 disposition par la municipalit\u00e9 d&rsquo;Andr\u00e9sy pour pr\u00e9parer les plats qui \u00e9taient servis. Nous remercions les commer\u00e7ants qui r\u00e9pondaient favorablement \u00e0 nos sollicitations soit en nous offrant des produits ou en nous faisant profiter de conditions avantageuses. Les ann\u00e9es Covid et les contraintes sanitaires qui suivirent nous ont contraints \u00e0 abandonner cette manifestation.<\/span><\/p><\/div><\/div>\t\t\t\t\t\t\t\t<\/div>\n\t\t\t\t<\/div>\n\t\t\t\t\t<\/div>\n\t\t\t\t<\/div>\n\t\t<div class=\"elementor-element elementor-element-bbed44c e-flex e-con-boxed e-con e-parent\" data-id=\"bbed44c\" data-element_type=\"container\" data-e-type=\"container\">\n\t\t\t\t\t<div class=\"e-con-inner\">\n\t\t\t\t<div class=\"elementor-element elementor-element-cc345ee elementor-widget elementor-widget-text-editor\" data-id=\"cc345ee\" data-element_type=\"widget\" data-e-type=\"widget\" data-widget_type=\"text-editor.default\">\n\t\t\t\t<div class=\"elementor-widget-container\">\n\t\t\t\t\t\t\t\t\t<p><a href=\"https:\/\/actu.fr\/ile-de-france\/andresy_78015\/le-lions-club-chouchoute-ses-invites_12207557.html\">https:\/\/actu.fr\/ile-de-france\/andresy_78015\/le-lions-club-chouchoute-ses-invites_12207557.html<\/a><\/p>\t\t\t\t\t\t\t\t<\/div>\n\t\t\t\t<\/div>\n\t\t\t\t<div class=\"elementor-element elementor-element-0ff5a6c elementor-widget elementor-widget-text-editor\" data-id=\"0ff5a6c\" data-element_type=\"widget\" data-e-type=\"widget\" data-widget_type=\"text-editor.default\">\n\t\t\t\t<div class=\"elementor-widget-container\">\n\t\t\t\t\t\t\t\t\t<div><p>Visionnez quelques souvenirs<\/p><\/div><div style=\"padding-left: 40px;\"><a href=\"https:\/\/youtu.be\/nRnrKjtlpnc\"><u>Edition 2015<\/u><\/a><\/div><div style=\"padding-left: 40px;\"><a href=\"https:\/\/youtu.be\/kYpX7cm5lRE\"><u>Edition 2016 1\u00e8re partie<\/u><\/a><\/div><div style=\"padding-left: 40px;\"><a href=\"https:\/\/youtu.be\/6LffHf-btJ4\"><u>Edition 2016 2\u00e8me partie<\/u><\/a><\/div><div style=\"padding-left: 40px;\"><a href=\"https:\/\/youtu.be\/KORFFUolDw\"><u>Edition 2016 3\u00e8me partie<\/u><\/a><\/div><div style=\"padding-left: 40px;\"><a href=\"https:\/\/youtu.be\/ut7VB65WtWk\"><u>Edition 2017<\/u><\/a><\/div><div style=\"padding-left: 40px;\"><a href=\"https:\/\/youtu.be\/Z1MQekXS3v0 \u00e9dition r\u00e9veillon 2019\"><u>Edition 2019<\/u><\/a><\/div>\t\t\t\t\t\t\t\t<\/div>\n\t\t\t\t<\/div>\n\t\t\t\t\t<\/div>\n\t\t\t\t<\/div>\n\t\t<div class=\"elementor-element elementor-element-8a22d22 e-flex e-con-boxed e-con e-parent\" data-id=\"8a22d22\" data-element_type=\"container\" data-e-type=\"container\">\n\t\t\t\t\t<div class=\"e-con-inner\">\n\t\t\t\t<div class=\"elementor-element elementor-element-c534bef elementor-widget elementor-widget-text-editor\" data-id=\"c534bef\" data-element_type=\"widget\" data-e-type=\"widget\" data-widget_type=\"text-editor.default\">\n\t\t\t\t<div class=\"elementor-widget-container\">\n\t\t\t\t\t\t\t\t\t<h5 style=\"text-align: center;\"><span style=\"color: #000000;\"><strong>AutoEvasion<\/strong><\/span><\/h5><div>\u00a0<\/div><div><span style=\"color: #000000;\"><img decoding=\"async\" class=\"size-full wp-image-780 alignleft\" src=\"http:\/\/conflansmontjoie.org\/wp-content\/uploads\/2025\/01\/Capture-decran-2015-10-09-a-10.38.19_thumbnail.webp\" alt=\"\" width=\"200\" height=\"200\" srcset=\"https:\/\/conflansmontjoie.org\/wp-content\/uploads\/2025\/01\/Capture-decran-2015-10-09-a-10.38.19_thumbnail.webp 200w, https:\/\/conflansmontjoie.org\/wp-content\/uploads\/2025\/01\/Capture-decran-2015-10-09-a-10.38.19_thumbnail-150x150.webp 150w\" sizes=\"(max-width: 200px) 100vw, 200px\" \/>Notre club cherchait \u00e0 prolonger une action qui avait pour but d&rsquo;offrir une journ\u00e9e \u00e0 des enfants malades ou handicap\u00e9s moteur \u00e0 bord de voiture d&rsquo;exception.<\/span><br \/><span style=\"color: #000000;\">La premi\u00e8re version de cette action <b> AutoEvasion <\/b>transportait des enfants sur un circuit automobile pr\u00e8s de Ch\u00e2teau-Thierry afin qu&rsquo;ils puissent d\u00e9couvrir des sensations \u00e0 bord de v\u00e9hicules de sport ou de course. La deuxi\u00e8me version se voulait \u00eatre \u00e0 l&rsquo;origine, un rallye \u00e0 bord de v\u00e9hicules d&rsquo;exception ou de prestige sur les routes de notre r\u00e9gion. L&rsquo;organisation d&rsquo;une telle op\u00e9ration n\u00e9cessitait une logistique que notre club ne pouvait assumer seul. C&rsquo;est avec le <b> Lions Club Auvers-Iris <\/b> qui avec son r\u00e9seau de voitures anciennes permit de monter cette action le <a href=\"https:\/\/conflansmontjoie.org\/?page_id=769\"><strong>\u00ab\u00a0Tacot Evasion\u00a0\u00bb<\/strong><\/a>. D\u00e8s juin, des voitures anciennes envahissent le Ch\u00e2teau de Grouchy pour permettre \u00e0 des enfants malades ou handicap\u00e9s de s\u2019\u00e9vader le temps d&rsquo;une promenade \u00e0 bord de ces v\u00e9hicules en famille.<\/span><\/div><div>\u00a0<\/div><div><img decoding=\"async\" class=\"aligncenter wp-image-3458 size-full\" src=\"http:\/\/conflansmontjoie.org\/wp-content\/uploads\/2025\/03\/AutoEvasion.jpg\" alt=\"\" width=\"538\" height=\"678\" srcset=\"https:\/\/conflansmontjoie.org\/wp-content\/uploads\/2025\/03\/AutoEvasion.jpg 538w, https:\/\/conflansmontjoie.org\/wp-content\/uploads\/2025\/03\/AutoEvasion-238x300.jpg 238w\" sizes=\"(max-width: 538px) 100vw, 538px\" \/><\/div><div><p><img decoding=\"async\" class=\"alignleft wp-image-72\" src=\"&lt;a href=\\\" \/><\/p><\/div>\t\t\t\t\t\t\t\t<\/div>\n\t\t\t\t<\/div>\n\t\t\t\t\t<\/div>\n\t\t\t\t<\/div>\n\t\t<div class=\"elementor-element elementor-element-0089559 e-flex e-con-boxed e-con e-parent\" data-id=\"0089559\" data-element_type=\"container\" data-e-type=\"container\">\n\t\t\t\t\t<div class=\"e-con-inner\">\n\t\t\t\t<div class=\"elementor-element elementor-element-c30f020 elementor-widget elementor-widget-text-editor\" data-id=\"c30f020\" data-element_type=\"widget\" data-e-type=\"widget\" data-widget_type=\"text-editor.default\">\n\t\t\t\t<div class=\"elementor-widget-container\">\n\t\t\t\t\t\t\t\t\t<p style=\"text-align: center;\"><strong>TELETHON<\/strong><\/p><p>Notre club a organis\u00e9 pendant plusieurs ann\u00e9e une Tambola en faveur du T\u00e9l\u00e9thon \u00e0 Conflans.\u00a0<\/p><p><img loading=\"lazy\" decoding=\"async\" class=\"aligncenter wp-image-2772 size-large\" src=\"http:\/\/conflansmontjoie.org\/wp-content\/uploads\/2025\/03\/Telethon-1024x576.jpg\" alt=\"\" width=\"960\" height=\"540\" srcset=\"https:\/\/conflansmontjoie.org\/wp-content\/uploads\/2025\/03\/Telethon-1024x576.jpg 1024w, https:\/\/conflansmontjoie.org\/wp-content\/uploads\/2025\/03\/Telethon-300x169.jpg 300w, https:\/\/conflansmontjoie.org\/wp-content\/uploads\/2025\/03\/Telethon-768x432.jpg 768w, https:\/\/conflansmontjoie.org\/wp-content\/uploads\/2025\/03\/Telethon-1536x864.jpg 1536w, https:\/\/conflansmontjoie.org\/wp-content\/uploads\/2025\/03\/Telethon-1140x641.jpg 1140w, https:\/\/conflansmontjoie.org\/wp-content\/uploads\/2025\/03\/Telethon.jpg 2048w\" sizes=\"(max-width: 960px) 100vw, 960px\" \/><\/p>\t\t\t\t\t\t\t\t<\/div>\n\t\t\t\t<\/div>\n\t\t\t\t<div class=\"elementor-element elementor-element-8000b2f elementor-widget elementor-widget-text-editor\" data-id=\"8000b2f\" data-element_type=\"widget\" data-e-type=\"widget\" data-widget_type=\"text-editor.default\">\n\t\t\t\t<div class=\"elementor-widget-container\">\n\t\t\t\t\t\t\t\t\t<p style=\"text-align: center;\"><strong>1er Brocante du Club<\/strong><\/p>\t\t\t\t\t\t\t\t<\/div>\n\t\t\t\t<\/div>\n\t\t\t\t<div class=\"elementor-element elementor-element-331543f elementor-widget elementor-widget-image\" data-id=\"331543f\" data-element_type=\"widget\" data-e-type=\"widget\" data-widget_type=\"image.default\">\n\t\t\t\t<div class=\"elementor-widget-container\">\n\t\t\t\t\t\t\t\t\t\t\t\t\t\t\t\t<a href=\"https:\/\/www.yumpu.com\/fr\/document\/read\/17415558\/la-brocante-lions-club-conflans-montjoie\">\n\t\t\t\t\t\t\t<img loading=\"lazy\" decoding=\"async\" width=\"364\" height=\"484\" src=\"https:\/\/conflansmontjoie.org\/wp-content\/uploads\/2025\/03\/1er-Brocante.jpg\" class=\"attachment-large size-large wp-image-3462\" alt=\"\" srcset=\"https:\/\/conflansmontjoie.org\/wp-content\/uploads\/2025\/03\/1er-Brocante.jpg 364w, https:\/\/conflansmontjoie.org\/wp-content\/uploads\/2025\/03\/1er-Brocante-226x300.jpg 226w\" sizes=\"(max-width: 364px) 100vw, 364px\" \/>\t\t\t\t\t\t\t\t<\/a>\n\t\t\t\t\t\t\t\t\t\t\t\t\t\t\t<\/div>\n\t\t\t\t<\/div>\n\t\t\t\t\t<\/div>\n\t\t\t\t<\/div>\n\t\t\t\t<\/div>\n\t\t","protected":false},"excerpt":{"rendered":"<p>LE REVEILLON SOLIDAIRE Depuis le 31 d\u00e9cembre 2015, notre club organisait un r\u00e9veillon solidaire au profit des personnes \u00e2g\u00e9es ou isol\u00e9es habitant Andr\u00e9sy, Chanteloup-les-Vignes, Conflans-Sainte-Honorine, Triel-sur-Seine dans la salle Julien Green mis \u00e0 disposition par la municipalit\u00e9 d&rsquo;Andr\u00e9sy. Une trentaine de b\u00e9n\u00e9voles, membres de notre club, conjoints, amis de notre club ou membres d&rsquo;autres clubs Lions International consacraient leur temps durant cette soir\u00e9e \u00e0 servir un repas festif, animer la soir\u00e9e et v\u00e9hiculer quelques 120 convives. D\u00e8s le matin du 31 d\u00e9cembre, nous mettions tout en oeuvre pour un r\u00e9veillon r\u00e9ussi: la mise en place et dressage des tables, la d\u00e9coration de la salle et notre chef Jean-Claude Buslon, restaurateur \u00e0 la retraite, qui s\u2019affairait dans les cuisines \u00e9galement mises \u00e0 disposition par la municipalit\u00e9 d&rsquo;Andr\u00e9sy pour pr\u00e9parer les plats qui \u00e9taient servis. Nous remercions les commer\u00e7ants qui r\u00e9pondaient favorablement \u00e0 nos sollicitations soit en nous offrant des produits ou en nous faisant profiter de conditions avantageuses. Les ann\u00e9es Covid et les contraintes sanitaires qui suivirent nous ont contraints \u00e0 abandonner cette manifestation. https:\/\/actu.fr\/ile-de-france\/andresy_78015\/le-lions-club-chouchoute-ses-invites_12207557.html Visionnez quelques souvenirs Edition 2015Edition 2016 1\u00e8re partieEdition 2016 2\u00e8me partieEdition 2016 3\u00e8me partieEdition 2017Edition 2019 AutoEvasion \u00a0Notre club cherchait \u00e0 prolonger une action qui avait pour but d&rsquo;offrir une journ\u00e9e \u00e0 des enfants malades ou handicap\u00e9s moteur \u00e0 bord de voiture d&rsquo;exception.La premi\u00e8re version de cette action AutoEvasion transportait des enfants sur un circuit automobile pr\u00e8s de Ch\u00e2teau-Thierry afin qu&rsquo;ils puissent d\u00e9couvrir des sensations \u00e0 bord de v\u00e9hicules de sport ou de course. La deuxi\u00e8me version se voulait \u00eatre \u00e0 l&rsquo;origine, un rallye \u00e0 bord de v\u00e9hicules d&rsquo;exception ou de prestige sur les routes de notre r\u00e9gion. L&rsquo;organisation d&rsquo;une telle op\u00e9ration n\u00e9cessitait une logistique que notre club ne pouvait assumer seul. C&rsquo;est avec le Lions Club Auvers-Iris qui avec son r\u00e9seau de voitures anciennes permit de monter cette action le \u00ab\u00a0Tacot Evasion\u00a0\u00bb. D\u00e8s juin, des voitures anciennes envahissent le Ch\u00e2teau de Grouchy pour permettre \u00e0 des enfants malades ou handicap\u00e9s de s\u2019\u00e9vader le temps d&rsquo;une promenade \u00e0 bord de ces v\u00e9hicules en famille.\u00a0 TELETHON Notre club a organis\u00e9 pendant plusieurs ann\u00e9e une Tambola en faveur du T\u00e9l\u00e9thon \u00e0 Conflans.\u00a0 1er Brocante du Club<\/p>\n","protected":false},"author":1,"featured_media":0,"parent":754,"menu_order":0,"comment_status":"closed","ping_status":"closed","template":"","meta":{"footnotes":""},"class_list":["post-2","page","type-page","status-publish","hentry"],"_links":{"self":[{"href":"https:\/\/conflansmontjoie.org\/index.php?rest_route=\/wp\/v2\/pages\/2","targetHints":{"allow":["GET"]}}],"collection":[{"href":"https:\/\/conflansmontjoie.org\/index.php?rest_route=\/wp\/v2\/pages"}],"about":[{"href":"https:\/\/conflansmontjoie.org\/index.php?rest_route=\/wp\/v2\/types\/page"}],"author":[{"embeddable":true,"href":"https:\/\/conflansmontjoie.org\/index.php?rest_route=\/wp\/v2\/users\/1"}],"replies":[{"embeddable":true,"href":"https:\/\/conflansmontjoie.org\/index.php?rest_route=%2Fwp%2Fv2%2Fcomments&post=2"}],"version-history":[{"count":72,"href":"https:\/\/conflansmontjoie.org\/index.php?rest_route=\/wp\/v2\/pages\/2\/revisions"}],"predecessor-version":[{"id":3482,"href":"https:\/\/conflansmontjoie.org\/index.php?rest_route=\/wp\/v2\/pages\/2\/revisions\/3482"}],"up":[{"embeddable":true,"href":"https:\/\/conflansmontjoie.org\/index.php?rest_route=\/wp\/v2\/pages\/754"}],"wp:attachment":[{"href":"https:\/\/conflansmontjoie.org\/index.php?rest_route=%2Fwp%2Fv2%2Fmedia&parent=2"}],"curies":[{"name":"wp","href":"https:\/\/api.w.org\/{rel}","templated":true}]}}