{"id":1970,"date":"2025-03-04T23:31:07","date_gmt":"2025-03-04T22:31:07","guid":{"rendered":"https:\/\/conflansmontjoie.org\/?page_id=1970"},"modified":"2025-03-14T20:16:07","modified_gmt":"2025-03-14T19:16:07","slug":"elementor-1970","status":"publish","type":"page","link":"https:\/\/conflansmontjoie.org\/?page_id=1970","title":{"rendered":"Chien guide d&rsquo;aveugle"},"content":{"rendered":"\t\t<div data-elementor-type=\"wp-page\" data-elementor-id=\"1970\" class=\"elementor elementor-1970\">\n\t\t\t\t<div class=\"elementor-element elementor-element-48c8ff1 e-flex e-con-boxed e-con e-parent\" data-id=\"48c8ff1\" data-element_type=\"container\" data-e-type=\"container\">\n\t\t\t\t\t<div class=\"e-con-inner\">\n\t\t\t\t<div class=\"elementor-element elementor-element-ebcafb8 elementor-widget elementor-widget-image\" data-id=\"ebcafb8\" data-element_type=\"widget\" data-e-type=\"widget\" data-widget_type=\"image.default\">\n\t\t\t\t<div class=\"elementor-widget-container\">\n\t\t\t\t\t\t\t\t\t\t\t\t\t\t\t<img decoding=\"async\" width=\"300\" height=\"97\" src=\"https:\/\/conflansmontjoie.org\/wp-content\/uploads\/2025\/03\/Logo-chien-guide-daveugle-300x97.jpg\" class=\"attachment-medium size-medium wp-image-1966\" alt=\"\" srcset=\"https:\/\/conflansmontjoie.org\/wp-content\/uploads\/2025\/03\/Logo-chien-guide-daveugle-300x97.jpg 300w, https:\/\/conflansmontjoie.org\/wp-content\/uploads\/2025\/03\/Logo-chien-guide-daveugle.jpg 318w\" sizes=\"(max-width: 300px) 100vw, 300px\" \/>\t\t\t\t\t\t\t\t\t\t\t\t\t\t\t<\/div>\n\t\t\t\t<\/div>\n\t\t\t\t<div class=\"elementor-element elementor-element-7f39f64 elementor-widget elementor-widget-text-editor\" data-id=\"7f39f64\" data-element_type=\"widget\" data-e-type=\"widget\" data-widget_type=\"text-editor.default\">\n\t\t\t\t<div class=\"elementor-widget-container\">\n\t\t\t\t\t\t\t\t\t<p><img fetchpriority=\"high\" decoding=\"async\" class=\"wp-image-1972 size-medium alignleft\" src=\"http:\/\/conflansmontjoie.org\/wp-content\/uploads\/2025\/03\/FB_IMG_1638779963408-225x300.jpg\" alt=\"\" width=\"225\" height=\"300\" srcset=\"https:\/\/conflansmontjoie.org\/wp-content\/uploads\/2025\/03\/FB_IMG_1638779963408-225x300.jpg 225w, https:\/\/conflansmontjoie.org\/wp-content\/uploads\/2025\/03\/FB_IMG_1638779963408-768x1024.jpg 768w, https:\/\/conflansmontjoie.org\/wp-content\/uploads\/2025\/03\/FB_IMG_1638779963408.jpg 1080w\" sizes=\"(max-width: 225px) 100vw, 225px\" \/>30 ans apr\u00e8s la remise d&rsquo;un 1er chien, le club a remis son 2\u00e8me\u00a0 chien guide d&rsquo;aveugle \u00ab\u00a0Ma\u00efli\u00a0\u00bb \u00e0 Carole, habitante de Conflans en pr\u00e9sence du Maire de la ville.<\/p><p>Cette op\u00e9ration a \u00e9t\u00e9 financ\u00e9e par le Lions Club Conflans Montjoie, en partenariat avec <a href=\"https:\/\/www.chiensguidesparis.fr\/\">l\u2019\u00e9cole des chiens guides pour aveugles et malvoyants de Paris<\/a>.<\/p><p><strong>Pour les 35 ans du club<\/strong>, nous remettrons cette ann\u00e9e un 3\u00e8me chien \u00e0 un b\u00e9n\u00e9ficiaire.<\/p>\t\t\t\t\t\t\t\t<\/div>\n\t\t\t\t<\/div>\n\t\t\t\t<div class=\"elementor-element elementor-element-fb74f13 elementor-widget elementor-widget-video\" data-id=\"fb74f13\" data-element_type=\"widget\" data-e-type=\"widget\" data-settings=\"{&quot;youtube_url&quot;:&quot;https:\\\/\\\/www.youtube.com\\\/watch?v=UDalgcr4M1s&quot;,&quot;loop&quot;:&quot;yes&quot;,&quot;video_type&quot;:&quot;youtube&quot;,&quot;controls&quot;:&quot;yes&quot;}\" data-widget_type=\"video.default\">\n\t\t\t\t<div class=\"elementor-widget-container\">\n\t\t\t\t\t\t\t<div class=\"elementor-wrapper elementor-open-inline\">\n\t\t\t<div class=\"elementor-video\"><\/div>\t\t<\/div>\n\t\t\t\t\t\t<\/div>\n\t\t\t\t<\/div>\n\t\t\t\t\t<\/div>\n\t\t\t\t<\/div>\n\t\t<div class=\"elementor-element elementor-element-1e7e14a e-flex e-con-boxed e-con e-parent\" data-id=\"1e7e14a\" data-element_type=\"container\" data-e-type=\"container\">\n\t\t\t\t\t<div class=\"e-con-inner\">\n\t\t\t\t<div class=\"elementor-element elementor-element-f353053 elementor-widget elementor-widget-text-editor\" data-id=\"f353053\" data-element_type=\"widget\" data-e-type=\"widget\" data-widget_type=\"text-editor.default\">\n\t\t\t\t<div class=\"elementor-widget-container\">\n\t\t\t\t\t\t\t\t\t<p><a href=\"https:\/\/actu.fr\/ile-de-france\/conflans-sainte-honorine_78172\/un-chien-guide-d-aveugle-remis-a-carole-a-conflans-sainte-honorine_47093205.html\">https:\/\/actu.fr\/ile-de-france\/conflans-sainte-honorine_78172\/un-chien-guide-d-aveugle-remis-a-carole-a-conflans-sainte-honorine_47093205.html<\/a><\/p>\t\t\t\t\t\t\t\t<\/div>\n\t\t\t\t<\/div>\n\t\t\t\t\t<\/div>\n\t\t\t\t<\/div>\n\t\t<div class=\"elementor-element elementor-element-7194bc7 e-flex e-con-boxed e-con e-parent\" data-id=\"7194bc7\" data-element_type=\"container\" data-e-type=\"container\">\n\t\t\t\t\t<div class=\"e-con-inner\">\n\t\t\t\t<div class=\"elementor-element elementor-element-a1ae817 elementor-widget elementor-widget-text-editor\" data-id=\"a1ae817\" data-element_type=\"widget\" data-e-type=\"widget\" data-widget_type=\"text-editor.default\">\n\t\t\t\t<div class=\"elementor-widget-container\">\n\t\t\t\t\t\t\t\t\t<p><a href=\"https:\/\/www.conflans-sainte-honorine.fr\/wp-content\/uploads\/2024\/04\/VAC202201.pdf\">https:\/\/www.conflans-sainte-honorine.fr\/wp-content\/uploads\/2024\/04\/VAC202201.pdf<\/a><\/p>\t\t\t\t\t\t\t\t<\/div>\n\t\t\t\t<\/div>\n\t\t\t\t\t<\/div>\n\t\t\t\t<\/div>\n\t\t\t\t<\/div>\n\t\t","protected":false},"excerpt":{"rendered":"<p>30 ans apr\u00e8s la remise d&rsquo;un 1er chien, le club a remis son 2\u00e8me\u00a0 chien guide d&rsquo;aveugle \u00ab\u00a0Ma\u00efli\u00a0\u00bb \u00e0 Carole, habitante de Conflans en pr\u00e9sence du Maire de la ville. Cette op\u00e9ration a \u00e9t\u00e9 financ\u00e9e par le Lions Club Conflans Montjoie, en partenariat avec l\u2019\u00e9cole des chiens guides pour aveugles et malvoyants de Paris. Pour les 35 ans du club, nous remettrons cette ann\u00e9e un 3\u00e8me chien \u00e0 un b\u00e9n\u00e9ficiaire. https:\/\/www.youtube.com\/watch?v=UDalgcr4M1s https:\/\/actu.fr\/ile-de-france\/conflans-sainte-honorine_78172\/un-chien-guide-d-aveugle-remis-a-carole-a-conflans-sainte-honorine_47093205.html https:\/\/www.conflans-sainte-honorine.fr\/wp-content\/uploads\/2024\/04\/VAC202201.pdf<\/p>\n","protected":false},"author":1,"featured_media":0,"parent":0,"menu_order":0,"comment_status":"closed","ping_status":"closed","template":"","meta":{"footnotes":""},"class_list":["post-1970","page","type-page","status-publish","hentry"],"_links":{"self":[{"href":"https:\/\/conflansmontjoie.org\/index.php?rest_route=\/wp\/v2\/pages\/1970","targetHints":{"allow":["GET"]}}],"collection":[{"href":"https:\/\/conflansmontjoie.org\/index.php?rest_route=\/wp\/v2\/pages"}],"about":[{"href":"https:\/\/conflansmontjoie.org\/index.php?rest_route=\/wp\/v2\/types\/page"}],"author":[{"embeddable":true,"href":"https:\/\/conflansmontjoie.org\/index.php?rest_route=\/wp\/v2\/users\/1"}],"replies":[{"embeddable":true,"href":"https:\/\/conflansmontjoie.org\/index.php?rest_route=%2Fwp%2Fv2%2Fcomments&post=1970"}],"version-history":[{"count":38,"href":"https:\/\/conflansmontjoie.org\/index.php?rest_route=\/wp\/v2\/pages\/1970\/revisions"}],"predecessor-version":[{"id":3475,"href":"https:\/\/conflansmontjoie.org\/index.php?rest_route=\/wp\/v2\/pages\/1970\/revisions\/3475"}],"wp:attachment":[{"href":"https:\/\/conflansmontjoie.org\/index.php?rest_route=%2Fwp%2Fv2%2Fmedia&parent=1970"}],"curies":[{"name":"wp","href":"https:\/\/api.w.org\/{rel}","templated":true}]}}