{"id":1731,"date":"2025-03-02T22:48:23","date_gmt":"2025-03-02T21:48:23","guid":{"rendered":"https:\/\/conflansmontjoie.org\/?page_id=1731"},"modified":"2025-03-12T17:19:18","modified_gmt":"2025-03-12T16:19:18","slug":"elementor-1731","status":"publish","type":"page","link":"https:\/\/conflansmontjoie.org\/?page_id=1731","title":{"rendered":"Camps de jeunes \u00ab\u00a0YEC\u00a0\u00bb"},"content":{"rendered":"\t\t<div data-elementor-type=\"wp-page\" data-elementor-id=\"1731\" class=\"elementor elementor-1731\">\n\t\t\t\t<div class=\"elementor-element elementor-element-41ee2c7 e-flex e-con-boxed e-con e-parent\" data-id=\"41ee2c7\" data-element_type=\"container\" data-e-type=\"container\">\n\t\t\t\t\t<div class=\"e-con-inner\">\n\t\t\t\t<div class=\"elementor-element elementor-element-25d5ea5 elementor-widget elementor-widget-image\" data-id=\"25d5ea5\" data-element_type=\"widget\" data-e-type=\"widget\" data-widget_type=\"image.default\">\n\t\t\t\t<div class=\"elementor-widget-container\">\n\t\t\t\t\t\t\t\t\t\t\t\t\t\t\t<img decoding=\"async\" width=\"152\" height=\"186\" src=\"https:\/\/conflansmontjoie.org\/wp-content\/uploads\/2025\/03\/db7540ca.png\" class=\"attachment-large size-large wp-image-1733\" alt=\"\" \/>\t\t\t\t\t\t\t\t\t\t\t\t\t\t\t<\/div>\n\t\t\t\t<\/div>\n\t\t<div class=\"elementor-element elementor-element-29af3dc e-grid e-con-full e-con e-child\" data-id=\"29af3dc\" data-element_type=\"container\" data-e-type=\"container\">\n\t\t\t\t<div class=\"elementor-element elementor-element-fc9b967 elementor-widget elementor-widget-image\" data-id=\"fc9b967\" data-element_type=\"widget\" data-e-type=\"widget\" data-widget_type=\"image.default\">\n\t\t\t\t<div class=\"elementor-widget-container\">\n\t\t\t\t\t\t\t\t\t\t\t\t\t\t\t<img decoding=\"async\" width=\"150\" height=\"150\" src=\"https:\/\/conflansmontjoie.org\/wp-content\/uploads\/2025\/03\/IMG_20240610_140050-150x150.jpg\" class=\"attachment-thumbnail size-thumbnail wp-image-1988\" alt=\"\" srcset=\"https:\/\/conflansmontjoie.org\/wp-content\/uploads\/2025\/03\/IMG_20240610_140050-150x150.jpg 150w, https:\/\/conflansmontjoie.org\/wp-content\/uploads\/2025\/03\/IMG_20240610_140050-300x300.jpg 300w, https:\/\/conflansmontjoie.org\/wp-content\/uploads\/2025\/03\/IMG_20240610_140050-75x75.jpg 75w\" sizes=\"(max-width: 150px) 100vw, 150px\" \/>\t\t\t\t\t\t\t\t\t\t\t\t\t\t\t<\/div>\n\t\t\t\t<\/div>\n\t\t\t\t<div class=\"elementor-element elementor-element-9f92069 elementor-widget elementor-widget-image\" data-id=\"9f92069\" data-element_type=\"widget\" data-e-type=\"widget\" data-widget_type=\"image.default\">\n\t\t\t\t<div class=\"elementor-widget-container\">\n\t\t\t\t\t\t\t\t\t\t\t\t\t\t\t<img decoding=\"async\" width=\"150\" height=\"150\" src=\"https:\/\/conflansmontjoie.org\/wp-content\/uploads\/2025\/03\/355895087_2181136835409805_4086466958020964053_n-150x150.jpg\" class=\"attachment-thumbnail size-thumbnail wp-image-1991\" alt=\"\" srcset=\"https:\/\/conflansmontjoie.org\/wp-content\/uploads\/2025\/03\/355895087_2181136835409805_4086466958020964053_n-150x150.jpg 150w, https:\/\/conflansmontjoie.org\/wp-content\/uploads\/2025\/03\/355895087_2181136835409805_4086466958020964053_n-300x300.jpg 300w, https:\/\/conflansmontjoie.org\/wp-content\/uploads\/2025\/03\/355895087_2181136835409805_4086466958020964053_n-75x75.jpg 75w\" sizes=\"(max-width: 150px) 100vw, 150px\" \/>\t\t\t\t\t\t\t\t\t\t\t\t\t\t\t<\/div>\n\t\t\t\t<\/div>\n\t\t\t\t<div class=\"elementor-element elementor-element-d908b22 elementor-widget elementor-widget-image\" data-id=\"d908b22\" data-element_type=\"widget\" data-e-type=\"widget\" data-widget_type=\"image.default\">\n\t\t\t\t<div class=\"elementor-widget-container\">\n\t\t\t\t\t\t\t\t\t\t\t\t\t\t\t<img loading=\"lazy\" decoding=\"async\" width=\"150\" height=\"150\" src=\"https:\/\/conflansmontjoie.org\/wp-content\/uploads\/2025\/03\/Site-2-150x150.jpg\" class=\"attachment-thumbnail size-thumbnail wp-image-1992\" alt=\"\" srcset=\"https:\/\/conflansmontjoie.org\/wp-content\/uploads\/2025\/03\/Site-2-150x150.jpg 150w, https:\/\/conflansmontjoie.org\/wp-content\/uploads\/2025\/03\/Site-2-300x300.jpg 300w, https:\/\/conflansmontjoie.org\/wp-content\/uploads\/2025\/03\/Site-2-75x75.jpg 75w\" sizes=\"(max-width: 150px) 100vw, 150px\" \/>\t\t\t\t\t\t\t\t\t\t\t\t\t\t\t<\/div>\n\t\t\t\t<\/div>\n\t\t\t\t<\/div>\n\t\t\t\t<div class=\"elementor-element elementor-element-a03c633 elementor-widget elementor-widget-text-editor\" data-id=\"a03c633\" data-element_type=\"widget\" data-e-type=\"widget\" data-widget_type=\"text-editor.default\">\n\t\t\t\t<div class=\"elementor-widget-container\">\n\t\t\t\t\t\t\t\t\t<div class=\"col-md-8 text-align-center\"><p>le programme de camp et d&rsquo;\u00e9change de jeunes (YEC) est l&rsquo;une des \u0153uvres sociales du Lions Club International les plus anciennes et les plus importantes.<\/p><\/div><p>Chaque ann\u00e9e le club finance un camps YEC \u00e0 des jeunes dont un camp au Japon (2024), un en Allemagne (2024) et un en Norv\u00e8ge (2023).<\/p><p>Ces camps r\u00e9pondent au 1er objectif des Lions qui est de cr\u00e9er et de promouvoir un esprit d&rsquo;entente entre les peuples de la terre. Ces jeunes de 15 \u00e0 22 ans, sont des ambassadeurs de la paix et de la tol\u00e9rance dans le monde entier.<\/p><p>Programme d&rsquo;un s\u00e9jour YEC :<\/p><div class=\"col-md-8 text-align-center\"><ul><li>\u00e9changes internationaux et camps internationaux : les \u00e9changes internationaux de 1 \u00e0 2 semaines en familles d\u2019accueil (Lions ou non-Lions),\u00a0<\/li><li>organis\u00e9s avec l\u2019aide des clubs parrains et h\u00f4tes et les camps internationaux de 1 \u00e0 2 semaines, g\u00e9r\u00e9s par le Lions club h\u00f4te.<\/li><\/ul><\/div>\t\t\t\t\t\t\t\t<\/div>\n\t\t\t\t<\/div>\n\t\t\t\t\t<\/div>\n\t\t\t\t<\/div>\n\t\t<div class=\"elementor-element elementor-element-27949ac e-grid e-con-boxed e-con e-parent\" data-id=\"27949ac\" data-element_type=\"container\" data-e-type=\"container\">\n\t\t\t\t\t<div class=\"e-con-inner\">\n\t\t\t\t<div class=\"elementor-element elementor-element-de70579 elementor-widget elementor-widget-image\" data-id=\"de70579\" data-element_type=\"widget\" data-e-type=\"widget\" data-widget_type=\"image.default\">\n\t\t\t\t<div class=\"elementor-widget-container\">\n\t\t\t\t\t\t\t\t\t\t\t\t<figure class=\"wp-caption\">\n\t\t\t\t\t\t\t\t\t\t<img loading=\"lazy\" decoding=\"async\" width=\"300\" height=\"200\" src=\"https:\/\/conflansmontjoie.org\/wp-content\/uploads\/2025\/03\/Site-5-300x200.jpg\" class=\"attachment-medium size-medium wp-image-2412\" alt=\"\" srcset=\"https:\/\/conflansmontjoie.org\/wp-content\/uploads\/2025\/03\/Site-5-300x200.jpg 300w, https:\/\/conflansmontjoie.org\/wp-content\/uploads\/2025\/03\/Site-5-1024x683.jpg 1024w, https:\/\/conflansmontjoie.org\/wp-content\/uploads\/2025\/03\/Site-5-768x512.jpg 768w, https:\/\/conflansmontjoie.org\/wp-content\/uploads\/2025\/03\/Site-5-1140x760.jpg 1140w, https:\/\/conflansmontjoie.org\/wp-content\/uploads\/2025\/03\/Site-5.jpg 1200w\" sizes=\"(max-width: 300px) 100vw, 300px\" \/>\t\t\t\t\t\t\t\t\t\t\t<figcaption class=\"widget-image-caption wp-caption-text\">Photos des jeunes YEC au Japon<\/figcaption>\n\t\t\t\t\t\t\t\t\t\t<\/figure>\n\t\t\t\t\t\t\t\t\t<\/div>\n\t\t\t\t<\/div>\n\t\t\t\t<div class=\"elementor-element elementor-element-b5d9bb0 elementor-widget elementor-widget-image\" data-id=\"b5d9bb0\" data-element_type=\"widget\" data-e-type=\"widget\" data-widget_type=\"image.default\">\n\t\t\t\t<div class=\"elementor-widget-container\">\n\t\t\t\t\t\t\t\t\t\t\t\t<figure class=\"wp-caption\">\n\t\t\t\t\t\t\t\t\t\t<img loading=\"lazy\" decoding=\"async\" width=\"960\" height=\"720\" src=\"https:\/\/conflansmontjoie.org\/wp-content\/uploads\/2025\/03\/IMG-20240730-WA0011-1024x768.jpg\" class=\"attachment-large size-large wp-image-2055\" alt=\"\" srcset=\"https:\/\/conflansmontjoie.org\/wp-content\/uploads\/2025\/03\/IMG-20240730-WA0011-1024x768.jpg 1024w, https:\/\/conflansmontjoie.org\/wp-content\/uploads\/2025\/03\/IMG-20240730-WA0011-300x225.jpg 300w, https:\/\/conflansmontjoie.org\/wp-content\/uploads\/2025\/03\/IMG-20240730-WA0011-768x576.jpg 768w, https:\/\/conflansmontjoie.org\/wp-content\/uploads\/2025\/03\/IMG-20240730-WA0011-1140x855.jpg 1140w, https:\/\/conflansmontjoie.org\/wp-content\/uploads\/2025\/03\/IMG-20240730-WA0011.jpg 1477w\" sizes=\"(max-width: 960px) 100vw, 960px\" \/>\t\t\t\t\t\t\t\t\t\t\t<figcaption class=\"widget-image-caption wp-caption-text\">Remise de fanion au gouverneur de Tokyo<\/figcaption>\n\t\t\t\t\t\t\t\t\t\t<\/figure>\n\t\t\t\t\t\t\t\t\t<\/div>\n\t\t\t\t<\/div>\n\t\t\t\t\t<\/div>\n\t\t\t\t<\/div>\n\t\t\t\t<\/div>\n\t\t","protected":false},"excerpt":{"rendered":"<p>le programme de camp et d&rsquo;\u00e9change de jeunes (YEC) est l&rsquo;une des \u0153uvres sociales du Lions Club International les plus anciennes et les plus importantes. Chaque ann\u00e9e le club finance un camps YEC \u00e0 des jeunes dont un camp au Japon (2024), un en Allemagne (2024) et un en Norv\u00e8ge (2023). Ces camps r\u00e9pondent au 1er objectif des Lions qui est de cr\u00e9er et de promouvoir un esprit d&rsquo;entente entre les peuples de la terre. Ces jeunes de 15 \u00e0 22 ans, sont des ambassadeurs de la paix et de la tol\u00e9rance dans le monde entier. Programme d&rsquo;un s\u00e9jour YEC : \u00e9changes internationaux et camps internationaux : les \u00e9changes internationaux de 1 \u00e0 2 semaines en familles d\u2019accueil (Lions ou non-Lions),\u00a0 organis\u00e9s avec l\u2019aide des clubs parrains et h\u00f4tes et les camps internationaux de 1 \u00e0 2 semaines, g\u00e9r\u00e9s par le Lions club h\u00f4te. Photos des jeunes YEC au Japon Remise de fanion au gouverneur de Tokyo<\/p>\n","protected":false},"author":1,"featured_media":0,"parent":0,"menu_order":0,"comment_status":"closed","ping_status":"closed","template":"","meta":{"footnotes":""},"class_list":["post-1731","page","type-page","status-publish","hentry"],"_links":{"self":[{"href":"https:\/\/conflansmontjoie.org\/index.php?rest_route=\/wp\/v2\/pages\/1731","targetHints":{"allow":["GET"]}}],"collection":[{"href":"https:\/\/conflansmontjoie.org\/index.php?rest_route=\/wp\/v2\/pages"}],"about":[{"href":"https:\/\/conflansmontjoie.org\/index.php?rest_route=\/wp\/v2\/types\/page"}],"author":[{"embeddable":true,"href":"https:\/\/conflansmontjoie.org\/index.php?rest_route=\/wp\/v2\/users\/1"}],"replies":[{"embeddable":true,"href":"https:\/\/conflansmontjoie.org\/index.php?rest_route=%2Fwp%2Fv2%2Fcomments&post=1731"}],"version-history":[{"count":49,"href":"https:\/\/conflansmontjoie.org\/index.php?rest_route=\/wp\/v2\/pages\/1731\/revisions"}],"predecessor-version":[{"id":3235,"href":"https:\/\/conflansmontjoie.org\/index.php?rest_route=\/wp\/v2\/pages\/1731\/revisions\/3235"}],"wp:attachment":[{"href":"https:\/\/conflansmontjoie.org\/index.php?rest_route=%2Fwp%2Fv2%2Fmedia&parent=1731"}],"curies":[{"name":"wp","href":"https:\/\/api.w.org\/{rel}","templated":true}]}}